{"id":555,"date":"2023-12-29T23:44:53","date_gmt":"2023-12-29T22:44:53","guid":{"rendered":"https:\/\/meganehaslouin.com\/?page_id=555"},"modified":"2024-01-27T17:33:34","modified_gmt":"2024-01-27T16:33:34","slug":"mon-roman-2","status":"publish","type":"page","link":"https:\/\/meganehaslouin.com\/?page_id=555","title":{"rendered":"trigger warning"},"content":{"rendered":"\t\t<div data-elementor-type=\"wp-page\" data-elementor-id=\"555\" class=\"elementor elementor-555\">\n\t\t\t\t<div class=\"elementor-element elementor-element-7ffe31c e-con-full e-flex e-con e-parent\" data-id=\"7ffe31c\" data-element_type=\"container\" data-e-type=\"container\" data-settings=\"{&quot;background_background&quot;:&quot;classic&quot;,&quot;position&quot;:&quot;fixed&quot;}\">\n\t\t<div class=\"elementor-element elementor-element-4369304 e-con-full e-flex e-con e-child\" data-id=\"4369304\" data-element_type=\"container\" data-e-type=\"container\" data-settings=\"{&quot;background_background&quot;:&quot;classic&quot;}\">\n\t\t<div class=\"elementor-element elementor-element-21a71c3 e-con-full e-flex e-con e-child\" data-id=\"21a71c3\" data-element_type=\"container\" data-e-type=\"container\">\n\t\t\t\t<div class=\"elementor-element elementor-element-56a94a6 elementor-widget elementor-widget-image\" data-id=\"56a94a6\" data-element_type=\"widget\" data-e-type=\"widget\" data-widget_type=\"image.default\">\n\t\t\t\t<div class=\"elementor-widget-container\">\n\t\t\t\t\t\t\t\t\t\t\t\t\t\t\t<img fetchpriority=\"high\" decoding=\"async\" width=\"300\" height=\"300\" src=\"https:\/\/meganehaslouin.com\/wp-content\/uploads\/2023\/07\/page-3333-300x300.png\" class=\"elementor-animation-grow attachment-medium size-medium wp-image-12\" alt=\"Logo : \u00e9criture : megane haslouin, MH en blanc sur fond noir, soulign\u00e9 par des variantes de violet\" srcset=\"https:\/\/meganehaslouin.com\/wp-content\/uploads\/2023\/07\/page-3333-300x300.png 300w, https:\/\/meganehaslouin.com\/wp-content\/uploads\/2023\/07\/page-3333-150x150.png 150w, https:\/\/meganehaslouin.com\/wp-content\/uploads\/2023\/07\/elementor\/thumbs\/page-3333-q9lv1hqxdfue7nxy8a8haw04qs3j62rfg98tuk8tt4.png 100w, https:\/\/meganehaslouin.com\/wp-content\/uploads\/2023\/07\/elementor\/thumbs\/page-3333-q9lv1hqwrig6env30tsw8uky83zpu75kicy8rv07sk.png 50w, https:\/\/meganehaslouin.com\/wp-content\/uploads\/2023\/07\/elementor\/thumbs\/page-3333-q9lv1hqylamtto3on73neyuhs4b5ttz5c1tzzyq1u8.png 200w, https:\/\/meganehaslouin.com\/wp-content\/uploads\/2023\/07\/page-3333.png 500w\" sizes=\"(max-width: 300px) 100vw, 300px\" \/>\t\t\t\t\t\t\t\t\t\t\t\t\t\t\t<\/div>\n\t\t\t\t<\/div>\n\t\t\t\t<\/div>\n\t\t\t\t<\/div>\n\t\t<div class=\"elementor-element elementor-element-7c97601 e-con-full e-flex e-con e-child\" data-id=\"7c97601\" data-element_type=\"container\" data-e-type=\"container\">\n\t\t\t\t<div class=\"elementor-element elementor-element-3a1cd62 elementor-align-center elementor-widget elementor-widget-button\" data-id=\"3a1cd62\" data-element_type=\"widget\" data-e-type=\"widget\" data-widget_type=\"button.default\">\n\t\t\t\t<div class=\"elementor-widget-container\">\n\t\t\t\t\t\t\t\t\t<div class=\"elementor-button-wrapper\">\n\t\t\t\t\t<a class=\"elementor-button elementor-button-link elementor-size-sm elementor-animation-grow\" href=\"https:\/\/meganehaslouin.com\/?page_id=17\">\n\t\t\t\t\t\t<span class=\"elementor-button-content-wrapper\">\n\t\t\t\t\t\t<span class=\"elementor-button-icon\">\n\t\t\t\t<i aria-hidden=\"true\" class=\"fas fa-home\"><\/i>\t\t\t<\/span>\n\t\t\t\t\t\t\t\t\t<span class=\"elementor-button-text\">Accueil<\/span>\n\t\t\t\t\t<\/span>\n\t\t\t\t\t<\/a>\n\t\t\t\t<\/div>\n\t\t\t\t\t\t\t\t<\/div>\n\t\t\t\t<\/div>\n\t\t\t\t<div class=\"elementor-element elementor-element-599b343 elementor-align-center elementor-widget elementor-widget-button\" data-id=\"599b343\" data-element_type=\"widget\" data-e-type=\"widget\" data-widget_type=\"button.default\">\n\t\t\t\t<div class=\"elementor-widget-container\">\n\t\t\t\t\t\t\t\t\t<div class=\"elementor-button-wrapper\">\n\t\t\t\t\t<a class=\"elementor-button elementor-button-link elementor-size-sm elementor-animation-grow\" href=\"https:\/\/meganehaslouin.com\/?page_id=102\">\n\t\t\t\t\t\t<span class=\"elementor-button-content-wrapper\">\n\t\t\t\t\t\t<span class=\"elementor-button-icon\">\n\t\t\t\t<i aria-hidden=\"true\" class=\"fas fa-feather-alt\"><\/i>\t\t\t<\/span>\n\t\t\t\t\t\t\t\t\t<span class=\"elementor-button-text\">l'autrice<\/span>\n\t\t\t\t\t<\/span>\n\t\t\t\t\t<\/a>\n\t\t\t\t<\/div>\n\t\t\t\t\t\t\t\t<\/div>\n\t\t\t\t<\/div>\n\t\t\t\t<div class=\"elementor-element elementor-element-b62b0fa elementor-align-center elementor-widget elementor-widget-button\" data-id=\"b62b0fa\" data-element_type=\"widget\" data-e-type=\"widget\" data-widget_type=\"button.default\">\n\t\t\t\t<div class=\"elementor-widget-container\">\n\t\t\t\t\t\t\t\t\t<div class=\"elementor-button-wrapper\">\n\t\t\t\t\t<a class=\"elementor-button elementor-button-link elementor-size-sm elementor-animation-grow\" href=\"https:\/\/meganehaslouin.com\/?page_id=222\">\n\t\t\t\t\t\t<span class=\"elementor-button-content-wrapper\">\n\t\t\t\t\t\t<span class=\"elementor-button-icon\">\n\t\t\t\t<i aria-hidden=\"true\" class=\"fas fa-book-reader\"><\/i>\t\t\t<\/span>\n\t\t\t\t\t\t\t\t\t<span class=\"elementor-button-text\">Livres<\/span>\n\t\t\t\t\t<\/span>\n\t\t\t\t\t<\/a>\n\t\t\t\t<\/div>\n\t\t\t\t\t\t\t\t<\/div>\n\t\t\t\t<\/div>\n\t\t\t\t<div class=\"elementor-element elementor-element-aeba488 elementor-align-center elementor-widget elementor-widget-button\" data-id=\"aeba488\" data-element_type=\"widget\" data-e-type=\"widget\" data-widget_type=\"button.default\">\n\t\t\t\t<div class=\"elementor-widget-container\">\n\t\t\t\t\t\t\t\t\t<div class=\"elementor-button-wrapper\">\n\t\t\t\t\t<a class=\"elementor-button elementor-button-link elementor-size-sm elementor-animation-grow\" href=\"https:\/\/meganehaslouin.com\/?page_id=230\">\n\t\t\t\t\t\t<span class=\"elementor-button-content-wrapper\">\n\t\t\t\t\t\t<span class=\"elementor-button-icon\">\n\t\t\t\t<i aria-hidden=\"true\" class=\"fas fa-podcast\"><\/i>\t\t\t<\/span>\n\t\t\t\t\t\t\t\t\t<span class=\"elementor-button-text\">Podcast<\/span>\n\t\t\t\t\t<\/span>\n\t\t\t\t\t<\/a>\n\t\t\t\t<\/div>\n\t\t\t\t\t\t\t\t<\/div>\n\t\t\t\t<\/div>\n\t\t\t\t<div class=\"elementor-element elementor-element-3c7a884 elementor-align-center elementor-widget elementor-widget-button\" data-id=\"3c7a884\" data-element_type=\"widget\" data-e-type=\"widget\" data-widget_type=\"button.default\">\n\t\t\t\t<div class=\"elementor-widget-container\">\n\t\t\t\t\t\t\t\t\t<div class=\"elementor-button-wrapper\">\n\t\t\t\t\t<a class=\"elementor-button elementor-button-link elementor-size-sm elementor-animation-grow\" href=\"https:\/\/www.instagram.com\/meganehaslouin\/\">\n\t\t\t\t\t\t<span class=\"elementor-button-content-wrapper\">\n\t\t\t\t\t\t<span class=\"elementor-button-icon\">\n\t\t\t\t<i aria-hidden=\"true\" class=\"fas fa-mail-bulk\"><\/i>\t\t\t<\/span>\n\t\t\t\t\t\t\t\t\t<span class=\"elementor-button-text\">Contact<\/span>\n\t\t\t\t\t<\/span>\n\t\t\t\t\t<\/a>\n\t\t\t\t<\/div>\n\t\t\t\t\t\t\t\t<\/div>\n\t\t\t\t<\/div>\n\t\t\t\t<\/div>\n\t\t\t\t<\/div>\n\t\t<div class=\"elementor-element elementor-element-551fbeb e-flex e-con-boxed e-con e-parent\" data-id=\"551fbeb\" data-element_type=\"container\" data-e-type=\"container\" data-settings=\"{&quot;background_background&quot;:&quot;classic&quot;}\">\n\t\t\t\t\t<div class=\"e-con-inner\">\n\t\t<div class=\"elementor-element elementor-element-7c76b59 e-con-full e-flex e-con e-child\" data-id=\"7c76b59\" data-element_type=\"container\" data-e-type=\"container\">\n\t\t<div class=\"elementor-element elementor-element-63258c1 e-flex e-con-boxed e-con e-child\" data-id=\"63258c1\" data-element_type=\"container\" data-e-type=\"container\">\n\t\t\t\t\t<div class=\"e-con-inner\">\n\t\t\t\t<div class=\"elementor-element elementor-element-9265c5c elementor-widget elementor-widget-heading\" data-id=\"9265c5c\" data-element_type=\"widget\" data-e-type=\"widget\" data-widget_type=\"heading.default\">\n\t\t\t\t<div class=\"elementor-widget-container\">\n\t\t\t\t\t<h2 class=\"elementor-heading-title elementor-size-default\">Aeternalys<br>Trigger Warning<\/h2>\t\t\t\t<\/div>\n\t\t\t\t<\/div>\n\t\t\t\t\t<\/div>\n\t\t\t\t<\/div>\n\t\t\t\t<div class=\"elementor-element elementor-element-f997e7b elementor-widget elementor-widget-image\" data-id=\"f997e7b\" data-element_type=\"widget\" data-e-type=\"widget\" data-widget_type=\"image.default\">\n\t\t\t\t<div class=\"elementor-widget-container\">\n\t\t\t\t\t\t\t\t\t\t\t\t\t\t\t<img decoding=\"async\" width=\"2160\" height=\"2880\" src=\"https:\/\/meganehaslouin.com\/wp-content\/uploads\/2023\/07\/MeganeWBG.png\" class=\"attachment-full size-full wp-image-89\" alt=\"dessin d&#039;une femme blanche, avec des tache de rousseur et rousse aux cheveux boucl\u00e9s qui tient une rapi\u00e8re. Elle a une tenue sobre dans les ton beige et marron\" srcset=\"https:\/\/meganehaslouin.com\/wp-content\/uploads\/2023\/07\/MeganeWBG.png 2160w, https:\/\/meganehaslouin.com\/wp-content\/uploads\/2023\/07\/MeganeWBG-225x300.png 225w, https:\/\/meganehaslouin.com\/wp-content\/uploads\/2023\/07\/MeganeWBG-768x1024.png 768w, https:\/\/meganehaslouin.com\/wp-content\/uploads\/2023\/07\/MeganeWBG-1152x1536.png 1152w, https:\/\/meganehaslouin.com\/wp-content\/uploads\/2023\/07\/MeganeWBG-1536x2048.png 1536w\" sizes=\"(max-width: 2160px) 100vw, 2160px\" \/>\t\t\t\t\t\t\t\t\t\t\t\t\t\t\t<\/div>\n\t\t\t\t<\/div>\n\t\t\t\t<div class=\"elementor-element elementor-element-4a8610b elementor-widget__width-inherit elementor-widget elementor-widget-text-editor\" data-id=\"4a8610b\" data-element_type=\"widget\" data-e-type=\"widget\" data-widget_type=\"text-editor.default\">\n\t\t\t\t<div class=\"elementor-widget-container\">\n\t\t\t\t\t\t\t\t\t<p><strong>Aeternalys<\/strong> est une trilogie de romans Young Adult qui aborde des th\u00e8mes qui peuvent \u00eatre consid\u00e9r\u00e9s comme difficiles et\/ou violents.<\/p><p>En cas de doute ou si vous consid\u00e9rez qu\u2019un \u00e9l\u00e9ment manque \u00e0 cette liste, n\u2019h\u00e9sitez pas \u00e0 me contacter sur <a href=\"https:\/\/www.instagram.com\/margotdessenne\/\">Instagram<\/a> pour en discuter.<\/p><p>TW d&rsquo;Emma Tykaat : Sang, violence, mort, feu, guerre, blessure physique, anxi\u00e9t\u00e9, violence, monstres difformes.<\/p><p>TW tome 2 : mort, meurtre, incendie volontaire<\/p><p>TW Lou Katany : suicide, harc\u00e8lement scolaire, d\u00e9pression<\/p>\t\t\t\t\t\t\t\t<\/div>\n\t\t\t\t<\/div>\n\t\t\t\t<div class=\"elementor-element elementor-element-bf1d5a4 elementor-align-center elementor-widget elementor-widget-button\" data-id=\"bf1d5a4\" data-element_type=\"widget\" data-e-type=\"widget\" data-widget_type=\"button.default\">\n\t\t\t\t<div class=\"elementor-widget-container\">\n\t\t\t\t\t\t\t\t\t<div class=\"elementor-button-wrapper\">\n\t\t\t\t\t<a class=\"elementor-button elementor-button-link elementor-size-sm elementor-animation-grow\" href=\"https:\/\/meganehaslouin.com\/?page_id=222\">\n\t\t\t\t\t\t<span class=\"elementor-button-content-wrapper\">\n\t\t\t\t\t\t\t\t\t<span class=\"elementor-button-text\">\"Aeternalys\"<\/span>\n\t\t\t\t\t<\/span>\n\t\t\t\t\t<\/a>\n\t\t\t\t<\/div>\n\t\t\t\t\t\t\t\t<\/div>\n\t\t\t\t<\/div>\n\t\t\t\t<\/div>\n\t\t\t\t\t<\/div>\n\t\t\t\t<\/div>\n\t\t<div class=\"elementor-element elementor-element-133598e e-flex e-con-boxed e-con e-parent\" data-id=\"133598e\" data-element_type=\"container\" data-e-type=\"container\" data-settings=\"{&quot;background_background&quot;:&quot;classic&quot;}\">\n\t\t\t\t\t<div class=\"e-con-inner\">\n\t\t\t\t<div class=\"elementor-element elementor-element-e7c90ac elementor-widget elementor-widget-text-editor\" data-id=\"e7c90ac\" data-element_type=\"widget\" data-e-type=\"widget\" data-widget_type=\"text-editor.default\">\n\t\t\t\t<div class=\"elementor-widget-container\">\n\t\t\t\t\t\t\t\t\t<p>M\u00e9gane Haslouin. Tous droits r\u00e9serv\u00e9s. \u2013 <a href=\"https:\/\/meganehaslouin.com\/?page_id=1473\">Mentions l\u00e9gales<\/a> \u2013 <a href=\"https:\/\/meganehaslouin.com\/?page_id=1467\">Politique de confidentialit\u00e9\u00a0<\/a><\/p>\t\t\t\t\t\t\t\t<\/div>\n\t\t\t\t<\/div>\n\t\t\t\t\t<\/div>\n\t\t\t\t<\/div>\n\t\t\t\t<\/div>\n\t\t","protected":false},"excerpt":{"rendered":"<p>Accueil l&rsquo;autrice Livres Podcast Contact AeternalysTrigger Warning Aeternalys est une trilogie de romans Young Adult qui aborde des th\u00e8mes qui peuvent \u00eatre consid\u00e9r\u00e9s comme difficiles et\/ou violents. En cas de doute ou si vous consid\u00e9rez qu\u2019un \u00e9l\u00e9ment manque \u00e0 cette liste, n\u2019h\u00e9sitez pas \u00e0 me contacter sur Instagram pour en discuter. TW d&rsquo;Emma Tykaat : [&hellip;]<\/p>\n","protected":false},"author":1,"featured_media":0,"parent":0,"menu_order":0,"comment_status":"closed","ping_status":"closed","template":"elementor_canvas","meta":{"om_disable_all_campaigns":false,"_monsterinsights_skip_tracking":false,"_monsterinsights_sitenote_active":false,"_monsterinsights_sitenote_note":"","_monsterinsights_sitenote_category":0,"_uf_show_specific_survey":0,"_uf_disable_surveys":false,"footnotes":""},"class_list":["post-555","page","type-page","status-publish","hentry"],"aioseo_notices":[],"_links":{"self":[{"href":"https:\/\/meganehaslouin.com\/index.php?rest_route=\/wp\/v2\/pages\/555","targetHints":{"allow":["GET"]}}],"collection":[{"href":"https:\/\/meganehaslouin.com\/index.php?rest_route=\/wp\/v2\/pages"}],"about":[{"href":"https:\/\/meganehaslouin.com\/index.php?rest_route=\/wp\/v2\/types\/page"}],"author":[{"embeddable":true,"href":"https:\/\/meganehaslouin.com\/index.php?rest_route=\/wp\/v2\/users\/1"}],"replies":[{"embeddable":true,"href":"https:\/\/meganehaslouin.com\/index.php?rest_route=%2Fwp%2Fv2%2Fcomments&post=555"}],"version-history":[{"count":76,"href":"https:\/\/meganehaslouin.com\/index.php?rest_route=\/wp\/v2\/pages\/555\/revisions"}],"predecessor-version":[{"id":1606,"href":"https:\/\/meganehaslouin.com\/index.php?rest_route=\/wp\/v2\/pages\/555\/revisions\/1606"}],"wp:attachment":[{"href":"https:\/\/meganehaslouin.com\/index.php?rest_route=%2Fwp%2Fv2%2Fmedia&parent=555"}],"curies":[{"name":"wp","href":"https:\/\/api.w.org\/{rel}","templated":true}]}}