{"id":102,"date":"2023-08-16T15:22:12","date_gmt":"2023-08-16T13:22:12","guid":{"rendered":"https:\/\/meganehaslouin.com\/?page_id=102"},"modified":"2024-01-27T17:32:18","modified_gmt":"2024-01-27T16:32:18","slug":"lautrice","status":"publish","type":"page","link":"https:\/\/meganehaslouin.com\/?page_id=102","title":{"rendered":"L&rsquo;autrice"},"content":{"rendered":"\t\t<div data-elementor-type=\"wp-page\" data-elementor-id=\"102\" class=\"elementor elementor-102\">\n\t\t\t\t<div class=\"elementor-element elementor-element-3fbeefe e-con-full e-flex e-con e-parent\" data-id=\"3fbeefe\" data-element_type=\"container\" data-e-type=\"container\" data-settings=\"{&quot;background_background&quot;:&quot;classic&quot;,&quot;position&quot;:&quot;fixed&quot;}\">\n\t\t<div class=\"elementor-element elementor-element-13d6b5a e-con-full e-flex e-con e-child\" data-id=\"13d6b5a\" data-element_type=\"container\" data-e-type=\"container\" data-settings=\"{&quot;background_background&quot;:&quot;classic&quot;}\">\n\t\t<div class=\"elementor-element elementor-element-2f39bc0 e-con-full e-flex e-con e-child\" data-id=\"2f39bc0\" data-element_type=\"container\" data-e-type=\"container\">\n\t\t\t\t<div class=\"elementor-element elementor-element-22623e3 elementor-widget elementor-widget-image\" data-id=\"22623e3\" data-element_type=\"widget\" data-e-type=\"widget\" data-widget_type=\"image.default\">\n\t\t\t\t<div class=\"elementor-widget-container\">\n\t\t\t\t\t\t\t\t\t\t\t\t\t\t\t<img fetchpriority=\"high\" decoding=\"async\" width=\"500\" height=\"500\" src=\"https:\/\/meganehaslouin.com\/wp-content\/uploads\/2023\/07\/page-3333.png\" class=\"elementor-animation-grow attachment-full size-full wp-image-12\" alt=\"Logo : \u00e9criture : megane haslouin, MH en blanc sur fond noir, soulign\u00e9 par des variantes de violet\" srcset=\"https:\/\/meganehaslouin.com\/wp-content\/uploads\/2023\/07\/page-3333.png 500w, https:\/\/meganehaslouin.com\/wp-content\/uploads\/2023\/07\/page-3333-300x300.png 300w, https:\/\/meganehaslouin.com\/wp-content\/uploads\/2023\/07\/page-3333-150x150.png 150w, https:\/\/meganehaslouin.com\/wp-content\/uploads\/2023\/07\/elementor\/thumbs\/page-3333-q9lv1hqxdfue7nxy8a8haw04qs3j62rfg98tuk8tt4.png 100w, https:\/\/meganehaslouin.com\/wp-content\/uploads\/2023\/07\/elementor\/thumbs\/page-3333-q9lv1hqwrig6env30tsw8uky83zpu75kicy8rv07sk.png 50w, https:\/\/meganehaslouin.com\/wp-content\/uploads\/2023\/07\/elementor\/thumbs\/page-3333-q9lv1hqylamtto3on73neyuhs4b5ttz5c1tzzyq1u8.png 200w\" sizes=\"(max-width: 500px) 100vw, 500px\" \/>\t\t\t\t\t\t\t\t\t\t\t\t\t\t\t<\/div>\n\t\t\t\t<\/div>\n\t\t\t\t<\/div>\n\t\t\t\t<\/div>\n\t\t<div class=\"elementor-element elementor-element-eb9601d e-con-full e-flex e-con e-child\" data-id=\"eb9601d\" data-element_type=\"container\" data-e-type=\"container\">\n\t\t\t\t<div class=\"elementor-element elementor-element-6c2db7c elementor-align-center elementor-widget elementor-widget-button\" data-id=\"6c2db7c\" data-element_type=\"widget\" data-e-type=\"widget\" data-widget_type=\"button.default\">\n\t\t\t\t<div class=\"elementor-widget-container\">\n\t\t\t\t\t\t\t\t\t<div class=\"elementor-button-wrapper\">\n\t\t\t\t\t<a class=\"elementor-button elementor-button-link elementor-size-sm elementor-animation-grow\" href=\"https:\/\/meganehaslouin.com\/?page_id=17\">\n\t\t\t\t\t\t<span class=\"elementor-button-content-wrapper\">\n\t\t\t\t\t\t<span class=\"elementor-button-icon\">\n\t\t\t\t<i aria-hidden=\"true\" class=\"fas fa-home\"><\/i>\t\t\t<\/span>\n\t\t\t\t\t\t\t\t\t<span class=\"elementor-button-text\">Accueil<\/span>\n\t\t\t\t\t<\/span>\n\t\t\t\t\t<\/a>\n\t\t\t\t<\/div>\n\t\t\t\t\t\t\t\t<\/div>\n\t\t\t\t<\/div>\n\t\t\t\t<div class=\"elementor-element elementor-element-c0cae88 elementor-align-center elementor-widget elementor-widget-button\" data-id=\"c0cae88\" data-element_type=\"widget\" data-e-type=\"widget\" data-widget_type=\"button.default\">\n\t\t\t\t<div class=\"elementor-widget-container\">\n\t\t\t\t\t\t\t\t\t<div class=\"elementor-button-wrapper\">\n\t\t\t\t\t<a class=\"elementor-button elementor-button-link elementor-size-sm elementor-animation-grow\" href=\"https:\/\/meganehaslouin.com\/?page_id=102\">\n\t\t\t\t\t\t<span class=\"elementor-button-content-wrapper\">\n\t\t\t\t\t\t<span class=\"elementor-button-icon\">\n\t\t\t\t<i aria-hidden=\"true\" class=\"fas fa-feather-alt\"><\/i>\t\t\t<\/span>\n\t\t\t\t\t\t\t\t\t<span class=\"elementor-button-text\">l'autrice<\/span>\n\t\t\t\t\t<\/span>\n\t\t\t\t\t<\/a>\n\t\t\t\t<\/div>\n\t\t\t\t\t\t\t\t<\/div>\n\t\t\t\t<\/div>\n\t\t\t\t<div class=\"elementor-element elementor-element-a686041 elementor-align-center elementor-widget elementor-widget-button\" data-id=\"a686041\" data-element_type=\"widget\" data-e-type=\"widget\" data-widget_type=\"button.default\">\n\t\t\t\t<div class=\"elementor-widget-container\">\n\t\t\t\t\t\t\t\t\t<div class=\"elementor-button-wrapper\">\n\t\t\t\t\t<a class=\"elementor-button elementor-button-link elementor-size-sm elementor-animation-grow\" href=\"https:\/\/meganehaslouin.com\/?page_id=222\">\n\t\t\t\t\t\t<span class=\"elementor-button-content-wrapper\">\n\t\t\t\t\t\t<span class=\"elementor-button-icon\">\n\t\t\t\t<i aria-hidden=\"true\" class=\"fas fa-book-reader\"><\/i>\t\t\t<\/span>\n\t\t\t\t\t\t\t\t\t<span class=\"elementor-button-text\">Livres<\/span>\n\t\t\t\t\t<\/span>\n\t\t\t\t\t<\/a>\n\t\t\t\t<\/div>\n\t\t\t\t\t\t\t\t<\/div>\n\t\t\t\t<\/div>\n\t\t\t\t<div class=\"elementor-element elementor-element-709caa2 elementor-align-center elementor-widget elementor-widget-button\" data-id=\"709caa2\" data-element_type=\"widget\" data-e-type=\"widget\" data-widget_type=\"button.default\">\n\t\t\t\t<div class=\"elementor-widget-container\">\n\t\t\t\t\t\t\t\t\t<div class=\"elementor-button-wrapper\">\n\t\t\t\t\t<a class=\"elementor-button elementor-button-link elementor-size-sm elementor-animation-grow\" href=\"https:\/\/meganehaslouin.com\/?page_id=230\">\n\t\t\t\t\t\t<span class=\"elementor-button-content-wrapper\">\n\t\t\t\t\t\t<span class=\"elementor-button-icon\">\n\t\t\t\t<i aria-hidden=\"true\" class=\"fas fa-podcast\"><\/i>\t\t\t<\/span>\n\t\t\t\t\t\t\t\t\t<span class=\"elementor-button-text\">Podcast<\/span>\n\t\t\t\t\t<\/span>\n\t\t\t\t\t<\/a>\n\t\t\t\t<\/div>\n\t\t\t\t\t\t\t\t<\/div>\n\t\t\t\t<\/div>\n\t\t\t\t<div class=\"elementor-element elementor-element-b765e2c elementor-align-center elementor-widget elementor-widget-button\" data-id=\"b765e2c\" data-element_type=\"widget\" data-e-type=\"widget\" data-widget_type=\"button.default\">\n\t\t\t\t<div class=\"elementor-widget-container\">\n\t\t\t\t\t\t\t\t\t<div class=\"elementor-button-wrapper\">\n\t\t\t\t\t<a class=\"elementor-button elementor-button-link elementor-size-sm elementor-animation-grow\" href=\"https:\/\/www.instagram.com\/meganehaslouin\/\">\n\t\t\t\t\t\t<span class=\"elementor-button-content-wrapper\">\n\t\t\t\t\t\t<span class=\"elementor-button-icon\">\n\t\t\t\t<i aria-hidden=\"true\" class=\"fas fa-mail-bulk\"><\/i>\t\t\t<\/span>\n\t\t\t\t\t\t\t\t\t<span class=\"elementor-button-text\">Contact<\/span>\n\t\t\t\t\t<\/span>\n\t\t\t\t\t<\/a>\n\t\t\t\t<\/div>\n\t\t\t\t\t\t\t\t<\/div>\n\t\t\t\t<\/div>\n\t\t\t\t<\/div>\n\t\t\t\t<\/div>\n\t\t<div class=\"elementor-element elementor-element-593418d e-con-full e-flex e-con e-parent\" data-id=\"593418d\" data-element_type=\"container\" data-e-type=\"container\">\n\t\t<div class=\"elementor-element elementor-element-34b7489 e-con-full e-flex e-con e-child\" data-id=\"34b7489\" data-element_type=\"container\" data-e-type=\"container\" data-settings=\"{&quot;animation&quot;:&quot;none&quot;}\">\n\t\t<div class=\"elementor-element elementor-element-48c437b e-con-full e-flex e-con e-child\" data-id=\"48c437b\" data-element_type=\"container\" data-e-type=\"container\">\n\t\t\t\t<div class=\"elementor-element elementor-element-6892f96 elementor-widget elementor-widget-image\" data-id=\"6892f96\" data-element_type=\"widget\" data-e-type=\"widget\" data-widget_type=\"image.default\">\n\t\t\t\t<div class=\"elementor-widget-container\">\n\t\t\t\t\t\t\t\t\t\t\t\t\t\t\t<img decoding=\"async\" width=\"1239\" height=\"2560\" src=\"https:\/\/meganehaslouin.com\/wp-content\/uploads\/2023\/07\/1-scaled.jpg\" class=\"attachment-full size-full wp-image-85\" alt=\"femme sur un banc qui a un pc sur les genoux qui \u00e9crit. derri\u00e8re elle un b\u00e2timent et un parc avec des arbres et des fleurs\" srcset=\"https:\/\/meganehaslouin.com\/wp-content\/uploads\/2023\/07\/1-scaled.jpg 1239w, https:\/\/meganehaslouin.com\/wp-content\/uploads\/2023\/07\/1-145x300.jpg 145w, https:\/\/meganehaslouin.com\/wp-content\/uploads\/2023\/07\/1-496x1024.jpg 496w, https:\/\/meganehaslouin.com\/wp-content\/uploads\/2023\/07\/1-768x1586.jpg 768w, https:\/\/meganehaslouin.com\/wp-content\/uploads\/2023\/07\/1-744x1536.jpg 744w, https:\/\/meganehaslouin.com\/wp-content\/uploads\/2023\/07\/1-991x2048.jpg 991w\" sizes=\"(max-width: 1239px) 100vw, 1239px\" \/>\t\t\t\t\t\t\t\t\t\t\t\t\t\t\t<\/div>\n\t\t\t\t<\/div>\n\t\t\t\t<\/div>\n\t\t\t\t<\/div>\n\t\t<div class=\"elementor-element elementor-element-836418c e-con-full e-flex e-con e-child\" data-id=\"836418c\" data-element_type=\"container\" data-e-type=\"container\" data-settings=\"{&quot;animation&quot;:&quot;none&quot;}\">\n\t\t\t\t<div class=\"elementor-element elementor-element-668fdc2 elementor-widget elementor-widget-heading\" data-id=\"668fdc2\" data-element_type=\"widget\" data-e-type=\"widget\" data-widget_type=\"heading.default\">\n\t\t\t\t<div class=\"elementor-widget-container\">\n\t\t\t\t\t<h2 class=\"elementor-heading-title elementor-size-default\">M\u00e9gane Haslouin<\/h2>\t\t\t\t<\/div>\n\t\t\t\t<\/div>\n\t\t\t\t<div class=\"elementor-element elementor-element-46aba9a elementor-widget elementor-widget-text-editor\" data-id=\"46aba9a\" data-element_type=\"widget\" data-e-type=\"widget\" data-widget_type=\"text-editor.default\">\n\t\t\t\t<div class=\"elementor-widget-container\">\n\t\t\t\t\t\t\t\t\t<p>Tout a commenc\u00e9 lorsque cet auteur est venu nous pr\u00e9senter son m\u00e9tier en primaire. J\u2019\u00e9tais une enfant qui adorait l\u2019\u00e9cole et les maths, mais pas le fran\u00e7ais car j\u2019\u00e9crivais mal. Au point o\u00f9 on me le faisait remarquer et que je perdais des points pour cette raison.<\/p><p>Lors du petit projet qu\u2019il nous a demand\u00e9 de faire, pour se mettre dans sa peau, j\u2019en avais mis partout. Mais devant mon brouillon et mes fl\u00e8ches qui partaient dans tous les sens cet auteur a r\u00e9agi de la meilleure fa\u00e7on qui soit et m\u2019a simplement dit : \u201c Ne t\u2019en fais pas pour la mise en forme, ce n\u2019est pas important et c\u2019est comme \u00e7a que travaille un auteur\u201d.<\/p>\t\t\t\t\t\t\t\t<\/div>\n\t\t\t\t<\/div>\n\t\t\t\t<\/div>\n\t\t\t\t<\/div>\n\t\t<div class=\"elementor-element elementor-element-a57f153 e-con-full e-flex e-con e-parent\" data-id=\"a57f153\" data-element_type=\"container\" data-e-type=\"container\" data-settings=\"{&quot;background_background&quot;:&quot;classic&quot;,&quot;animation&quot;:&quot;none&quot;,&quot;animation_delay&quot;:300}\">\n\t\t<div class=\"elementor-element elementor-element-12f2f8b e-con-full e-flex e-con e-child\" data-id=\"12f2f8b\" data-element_type=\"container\" data-e-type=\"container\">\n\t\t<div class=\"elementor-element elementor-element-0d55ac8 e-con-full e-flex e-con e-child\" data-id=\"0d55ac8\" data-element_type=\"container\" data-e-type=\"container\">\n\t\t\t\t<div class=\"elementor-element elementor-element-d3fb55e elementor-widget elementor-widget-image\" data-id=\"d3fb55e\" data-element_type=\"widget\" data-e-type=\"widget\" data-widget_type=\"image.default\">\n\t\t\t\t<div class=\"elementor-widget-container\">\n\t\t\t\t\t\t\t\t\t\t\t\t\t\t\t<img decoding=\"async\" width=\"2560\" height=\"1707\" src=\"https:\/\/meganehaslouin.com\/wp-content\/uploads\/2023\/08\/IMG_0955-scaled.jpg\" class=\"attachment-full size-full wp-image-110\" alt=\"femme de profil avec lunette de soleil noir qui regarde devant elle,. derri\u00e8re une rivi\u00e8re bleu et derri\u00e8re des bateau et des b\u00e2timents de couleurs vari\u00e9s : blanc, briques, beiges...\" srcset=\"https:\/\/meganehaslouin.com\/wp-content\/uploads\/2023\/08\/IMG_0955-scaled.jpg 2560w, https:\/\/meganehaslouin.com\/wp-content\/uploads\/2023\/08\/IMG_0955-300x200.jpg 300w, https:\/\/meganehaslouin.com\/wp-content\/uploads\/2023\/08\/IMG_0955-1024x683.jpg 1024w, https:\/\/meganehaslouin.com\/wp-content\/uploads\/2023\/08\/IMG_0955-768x512.jpg 768w, https:\/\/meganehaslouin.com\/wp-content\/uploads\/2023\/08\/IMG_0955-1536x1024.jpg 1536w, https:\/\/meganehaslouin.com\/wp-content\/uploads\/2023\/08\/IMG_0955-2048x1365.jpg 2048w\" sizes=\"(max-width: 2560px) 100vw, 2560px\" \/>\t\t\t\t\t\t\t\t\t\t\t\t\t\t\t<\/div>\n\t\t\t\t<\/div>\n\t\t\t\t<\/div>\n\t\t\t\t<\/div>\n\t\t<div class=\"elementor-element elementor-element-000db78 e-con-full e-flex e-con e-child\" data-id=\"000db78\" data-element_type=\"container\" data-e-type=\"container\">\n\t\t\t\t<div class=\"elementor-element elementor-element-146dea3 elementor-widget elementor-widget-text-editor\" data-id=\"146dea3\" data-element_type=\"widget\" data-e-type=\"widget\" data-widget_type=\"text-editor.default\">\n\t\t\t\t<div class=\"elementor-widget-container\">\n\t\t\t\t\t\t\t\t\t<p>Quand vint le temps du coll\u00e8ge et son lot de difficult\u00e9s, l\u2019\u00e9criture devint un v\u00e9ritable exutoire. J\u2019ai tout \u00e9crit du journal intime, \u00e0 l\u2019\u00e9criture de roman, en passant par les po\u00e8mes. Cependant, je cherchais l\u2019histoire que je devais raconter. J\u2019ai fini par avoir une id\u00e9e que j\u2019aimais beaucoup mais je n\u2019arrivais pas \u00e0 aller au bout, c\u2019\u00e9tait trop enfantin, trop dur de voir ce que je voulais vraiment exprimer. De nombreuses versions ont \u00e9t\u00e9 r\u00e9dig\u00e9es pour ce premier tome.<\/p>\t\t\t\t\t\t\t\t<\/div>\n\t\t\t\t<\/div>\n\t\t\t\t<\/div>\n\t\t\t\t<\/div>\n\t\t<div class=\"elementor-element elementor-element-420c104 e-con-full e-flex e-con e-parent\" data-id=\"420c104\" data-element_type=\"container\" data-e-type=\"container\" data-settings=\"{&quot;animation&quot;:&quot;none&quot;,&quot;animation_delay&quot;:500}\">\n\t\t<div class=\"elementor-element elementor-element-dda3e0c e-con-full e-flex e-con e-child\" data-id=\"dda3e0c\" data-element_type=\"container\" data-e-type=\"container\">\n\t\t<div class=\"elementor-element elementor-element-c359fa1 e-con-full e-flex e-con e-child\" data-id=\"c359fa1\" data-element_type=\"container\" data-e-type=\"container\">\n\t\t\t\t<div class=\"elementor-element elementor-element-fdc1a33 elementor-widget elementor-widget-image\" data-id=\"fdc1a33\" data-element_type=\"widget\" data-e-type=\"widget\" data-widget_type=\"image.default\">\n\t\t\t\t<div class=\"elementor-widget-container\">\n\t\t\t\t\t\t\t\t\t\t\t\t\t\t\t<img loading=\"lazy\" decoding=\"async\" width=\"2560\" height=\"1249\" src=\"https:\/\/meganehaslouin.com\/wp-content\/uploads\/2023\/08\/20190625_163309-scaled.jpg\" class=\"attachment-full size-full wp-image-111\" alt=\"femme \u00e0 lunettes avec tresse sur sur le c\u00f4t\u00e9 + une casquette. elle sourit en levant un bras sur le c\u00f4t\u00e9. derri\u00e8re elle s&#039;\u00e9tend des arbres \u00e0 perte de vue, en relief et verts\" srcset=\"https:\/\/meganehaslouin.com\/wp-content\/uploads\/2023\/08\/20190625_163309-scaled.jpg 2560w, https:\/\/meganehaslouin.com\/wp-content\/uploads\/2023\/08\/20190625_163309-300x146.jpg 300w, https:\/\/meganehaslouin.com\/wp-content\/uploads\/2023\/08\/20190625_163309-1024x500.jpg 1024w, https:\/\/meganehaslouin.com\/wp-content\/uploads\/2023\/08\/20190625_163309-768x375.jpg 768w, https:\/\/meganehaslouin.com\/wp-content\/uploads\/2023\/08\/20190625_163309-1536x749.jpg 1536w, https:\/\/meganehaslouin.com\/wp-content\/uploads\/2023\/08\/20190625_163309-2048x999.jpg 2048w\" sizes=\"(max-width: 2560px) 100vw, 2560px\" \/>\t\t\t\t\t\t\t\t\t\t\t\t\t\t\t<\/div>\n\t\t\t\t<\/div>\n\t\t\t\t<\/div>\n\t\t\t\t<\/div>\n\t\t<div class=\"elementor-element elementor-element-2c0a7fd e-con-full e-flex e-con e-child\" data-id=\"2c0a7fd\" data-element_type=\"container\" data-e-type=\"container\">\n\t\t\t\t<div class=\"elementor-element elementor-element-c2fe808 elementor-widget elementor-widget-text-editor\" data-id=\"c2fe808\" data-element_type=\"widget\" data-e-type=\"widget\" data-widget_type=\"text-editor.default\">\n\t\t\t\t<div class=\"elementor-widget-container\">\n\t\t\t\t\t\t\t\t\t<p>Avec les \u00e9tudes, j\u2019ai fini par \u00e9crire de moins en moins, puis plus du tout. C\u2019est seulement apr\u00e8s la r\u00e9alisation de mon r\u00eave d\u2019aller vivre au Japon que ce d\u00e9sir est revenu, plus fort. C\u2019est donc \u00e0 mon retour en France que j&rsquo;ai entrepris de reprendre l&rsquo;\u00e9criture et cette fois, d\u2019aller au bout. Le covid m\u2019a permis de finir encore plus rapidement mon tome 3. Je savais o\u00f9 je voulais aller, ce que je voulais dire, &amp; quel \u00e9tait le sens de cette trilogie.<\/p><p>Aujourd\u2019hui, j\u2019ai termin\u00e9 mon premier tome et je lui cherche sa maison d\u2019\u00e9dition car je veux porter ce projet le plus loin possible.<\/p><p>Comme mon entourage s\u2019amuse \u00e0 me le dire <em>\u201cOh mais toi quand tu veux vraiment quelque chose, tu l\u2019as, je n&rsquo;ai donc aucun doute qu&rsquo;il sera publi\u00e9.\u201d<\/em><\/p>\t\t\t\t\t\t\t\t<\/div>\n\t\t\t\t<\/div>\n\t\t\t\t<div class=\"elementor-element elementor-element-e71b75b elementor-align-center elementor-widget elementor-widget-button\" data-id=\"e71b75b\" data-element_type=\"widget\" data-e-type=\"widget\" data-widget_type=\"button.default\">\n\t\t\t\t<div class=\"elementor-widget-container\">\n\t\t\t\t\t\t\t\t\t<div class=\"elementor-button-wrapper\">\n\t\t\t\t\t<a class=\"elementor-button elementor-button-link elementor-size-sm elementor-animation-grow\" href=\"https:\/\/meganehaslouin.com\/?page_id=222\">\n\t\t\t\t\t\t<span class=\"elementor-button-content-wrapper\">\n\t\t\t\t\t\t\t\t\t<span class=\"elementor-button-text\">Cliquez ici<\/span>\n\t\t\t\t\t<\/span>\n\t\t\t\t\t<\/a>\n\t\t\t\t<\/div>\n\t\t\t\t\t\t\t\t<\/div>\n\t\t\t\t<\/div>\n\t\t\t\t<\/div>\n\t\t\t\t<\/div>\n\t\t<div class=\"elementor-element elementor-element-b1f4157 e-flex e-con-boxed e-con e-parent\" data-id=\"b1f4157\" data-element_type=\"container\" data-e-type=\"container\" data-settings=\"{&quot;background_background&quot;:&quot;classic&quot;}\">\n\t\t\t\t\t<div class=\"e-con-inner\">\n\t\t\t\t<div class=\"elementor-element elementor-element-2e472fe elementor-widget elementor-widget-text-editor\" data-id=\"2e472fe\" data-element_type=\"widget\" data-e-type=\"widget\" data-widget_type=\"text-editor.default\">\n\t\t\t\t<div class=\"elementor-widget-container\">\n\t\t\t\t\t\t\t\t\t<p>M\u00e9gane Haslouin. Tous droits r\u00e9serv\u00e9s. \u2013 <a href=\"https:\/\/meganehaslouin.com\/?page_id=1473\">Mentions l\u00e9gales<\/a> \u2013 <a href=\"https:\/\/meganehaslouin.com\/?page_id=1467\">Politique de confidentialit\u00e9\u00a0<\/a><\/p>\t\t\t\t\t\t\t\t<\/div>\n\t\t\t\t<\/div>\n\t\t\t\t\t<\/div>\n\t\t\t\t<\/div>\n\t\t\t\t<\/div>\n\t\t","protected":false},"excerpt":{"rendered":"<p>Accueil l&rsquo;autrice Livres Podcast Contact M\u00e9gane Haslouin Tout a commenc\u00e9 lorsque cet auteur est venu nous pr\u00e9senter son m\u00e9tier en primaire. J\u2019\u00e9tais une enfant qui adorait l\u2019\u00e9cole et les maths, mais pas le fran\u00e7ais car j\u2019\u00e9crivais mal. Au point o\u00f9 on me le faisait remarquer et que je perdais des points pour cette raison. Lors [&hellip;]<\/p>\n","protected":false},"author":1,"featured_media":0,"parent":0,"menu_order":0,"comment_status":"closed","ping_status":"closed","template":"elementor_canvas","meta":{"om_disable_all_campaigns":false,"_monsterinsights_skip_tracking":false,"_monsterinsights_sitenote_active":false,"_monsterinsights_sitenote_note":"","_monsterinsights_sitenote_category":0,"_uf_show_specific_survey":0,"_uf_disable_surveys":false,"footnotes":""},"class_list":["post-102","page","type-page","status-publish","hentry"],"aioseo_notices":[],"_links":{"self":[{"href":"https:\/\/meganehaslouin.com\/index.php?rest_route=\/wp\/v2\/pages\/102","targetHints":{"allow":["GET"]}}],"collection":[{"href":"https:\/\/meganehaslouin.com\/index.php?rest_route=\/wp\/v2\/pages"}],"about":[{"href":"https:\/\/meganehaslouin.com\/index.php?rest_route=\/wp\/v2\/types\/page"}],"author":[{"embeddable":true,"href":"https:\/\/meganehaslouin.com\/index.php?rest_route=\/wp\/v2\/users\/1"}],"replies":[{"embeddable":true,"href":"https:\/\/meganehaslouin.com\/index.php?rest_route=%2Fwp%2Fv2%2Fcomments&post=102"}],"version-history":[{"count":196,"href":"https:\/\/meganehaslouin.com\/index.php?rest_route=\/wp\/v2\/pages\/102\/revisions"}],"predecessor-version":[{"id":1588,"href":"https:\/\/meganehaslouin.com\/index.php?rest_route=\/wp\/v2\/pages\/102\/revisions\/1588"}],"wp:attachment":[{"href":"https:\/\/meganehaslouin.com\/index.php?rest_route=%2Fwp%2Fv2%2Fmedia&parent=102"}],"curies":[{"name":"wp","href":"https:\/\/api.w.org\/{rel}","templated":true}]}}